
-14
Let b(q) = -1595*q - 19095. Give b(-12).
45
Let i(h) = -56*h**2 + 129*h + 1236. What is i(6)?
-6
Let u(s) = 11*s + 162. What is u(-7)?
85
Let b(w) = -3*w**2 - 216*w + 1146. Give b(-77).
-9
Let z(y) = 8*y - 6. Give z(-13).
-110
Let m(v) = 2425*v + 14578. Give m(-6).
28
Let k(d) = 587*d + 141465. Calculate k(-241).
-2
Let o(l) = 471*l - 4690. Calculate o(10).
20
Let q(l) = -l**2 + 15*l + 2922. What is q(62)?
8
Let z(g) = g**3 + 83*g**2 + 855*g + 2. Give z(-12).
-34
Let n(v) = 4*v - 93. Calculate n(8).
-61
Let i(r) = -r**2 - 79*r + 2743. Give i(-105).
13
Let x(a) = a**2 + 6*a - 133. What is x(0)?
-133
Let j(u) = -164*u + 3449. Calculate j(21).
5
Let t(l) = -4*l**2 + 222*l + 78. Give t(56).
-34
Let c(k) = -k**3 + 46*k**2 + 96*k - 25. Give c(48).
-25
Let m(x) = 84*x**2 - 5208*x - 1. What is m(62)?
-1
Let g(o) = -38*o - 768. Calculate g(-19).
-46
Let v(r) = 62*r + 2044. Give v(-32).
60
Let t(v) = -63*v**2 + 368*v - 8. What is t(6)?
-68
Let d(b) = -b**2 - 21*b + 748. What is d(19)?
-12
Let p(a) = -41*a - 178. What is p(-13)?
355
Let b(s) = 41*s - 3705. What is b(75)?
-630
Let c(n) = -n**2 + 297*n - 3696. Calculate c(13).
-4
Let h(v) = -321*v + 849. Calculate h(3).
-114
Let q(n) = 3295*n + 26369. Determine q(-8).
9
Let t(m) = 8*m + 158. Determine t(-23).
-26
Let o(s) = -3*s + 192. What is o(21)?
129
Let v(h) = 100*h + 3962. Determine v(-41).
-138
Let r(x) = 2*x**3 + 81*x**2 + 44*x + 27. What is r(-40)?
-133
Let m(s) = 471*s + 13179. Give m(-28).
-9
Let o(k) = 2*k**3 - 12*k**2 - 23*k + 2. Calculate o(7).
-61
Let w(t) = -t**2 - 237*t + 1463. Give w(6).
5
Let q(f) = -18988*f - 208859. What is q(-11)?
9
Let k(d) = 4*d**2 - 84*d + 199. Determine k(18).
-17
Let v(k) = 2*k**2 - 76*k + 656. Calculate v(16).
-48
Let b(l) = -l**3 - 24*l**2 - 99*l - 79. Calculate b(-19).
-3
Let s(f) = 12*f - 115. Determine s(3).
-79
Let j(i) = 3*i + 30. Give j(-15).
-15
Let n(h) = -2*h**3 + 159*h**2 + 589*h - 622. Determine n(83).
42
Let b(i) = i**3 - 129*i**2 + 264*i - 1261. What is b(127)?
9
Let o(x) = 25*x**2 + 170*x - 8. What is o(-7)?
27
Let t(u) = 5*u**2 - 251*u + 68. What is t(50)?
18
Let u(i) = -4*i - 154. What is u(-43)?
18
Let v(o) = 48*o**2 - 404*o - 14. Give v(7).
-490
Let u(v) = -19*v**3 + 5*v**2 - v - 3. What is u(-2)?
171
Let a(o) = -14*o**2 + 124*o - 108. Give a(9).
-126
Let u(y) = -2*y**2 - 129*y + 260. Determine u(2).
-6
Let g(d) = d**2 + 38*d - 561. Determine g(-50).
39
Let y(q) = -q**3 - 51*q**2 - 142*q + 103. Give y(-48).
7
Let b(w) = 160*w + 11995. Calculate b(-75).
-5
Let t(y) = -29*y + 753. Calculate t(23).
86
Let z(m) = m**2 + 11*m - 75. Give z(5).
5
Let r(y) = y**2 + 15*y - 972. Give r(-38).
-98
Let v(z) = 31*z + 122. Determine v(-1).
91
Let g(v) = v**2 - 1528*v - 6131. What is g(-4)?
-3
Let q(r) = -5*r**2 - 33*r - 84. Calculate q(-3).
-30
Let y(s) = 13*s + 125. Give y(25).
450
Let n(g) = -467*g - 1875. Calculate n(-4).
-7
Let u(n) = 8*n**2 - 3*n - 27. Determine u(4).
89
Let x(h) = 2*h**3 - 82*h**2 + 279*h + 657. What is x(37)?
28
Let z(r) = -2*r**3 - 9*r**2 + 17*r - 78. What is z(6)?
-732
Let w(f) = -2*f**3 + 448*f**2 - 31*f + 6921. Determine w(224).
-23
Let a(t) = 3*t**2 - 19*t - 48. Give a(9).
24
Let j(p) = 6*p**2 + 259*p + 1354. What is j(-6)?
16
Let r(g) = 29*g**2 + 252*g - 87. Give r(-9).
-6
Let d(a) = a**3 - 69*a**2 - 59*a + 9. Determine d(-1).
-2
Let f(x) = 27*x + 83. Determine f(-2).
29
Let n(c) = -52*c**2 - 1038*c + 45. Determine n(-20).
5
Let t(c) = 145*c - 1978. What is t(18)?
632
Let l(i) = -459*i**2 + 3213*i - 16. Determine l(7).
-16
Let t(r) = r**2 + 253*r + 1505. What is t(-6)?
23
Let b(y) = -y**3 - 207*y**2 + 8757*y - 332. Calculate b(36).
-8
Let n(m) = m**2 + 15*m - 41. Determine n(4).
35
Let d(b) = -b**2 - 47*b - 978. What is d(-15)?
-498
Let t(x) = x**3 - 3*x**2 + 82*x - 248. Calculate t(3).
-2
Let n(w) = w**3 - 13*w**2 - 36*w + 485. What is n(13)?
17
Let w(u) = u**3 + 14*u**2 + 10*u - 30. Determine w(-13).
9
Let h(q) = 5*q**2 - 2*q - 35. Give h(9).
352
Let j(q) = -q**2 + 25*q + 77. Calculate j(-4).
-39
Let n(j) = 2*j**3 + 47*j**2 - 71*j + 83. Determine n(-25).
-17
Let s(l) = -l**3 - 10*l**2 + 34*l + 245. Give s(-6).
-103
Let c(k) = -3*k**2 - 33*k + 115. Give c(-14).
-11
Let s(p) = -3*p**2 - 37*p + 22. What is s(-7)?
134
Let d(c) = -c**3 + 88*c**2 - 847*c - 8. Determine d(77).
-8
Let n(o) = -7*o**2 - 125*o + 129. Determine n(-20).
-171
Let q(r) = -r**3 - 3*r**2 + 4*r - 1. What is q(-3)?
-13
Let a(c) = -165*c + 10198. Calculate a(62).
-32
Let o(m) = -3*m**2 + 138*m + 111. Determine o(47).
-30
Let z(n) = 2*n**2 - 12*n - 71. Determine z(9).
-17
Let r(s) = -12*s - 564. What is r(-55)?
96
Let z(f) = f**3 - 24*f**2 - 141*f + 26. What is z(29)?
142
Let q(a) = -a**3 + 23*a**2 + 28*a - 121. Determine q(24).
-25
Let q(o) = -5*o**2 - 7*o - 4. Determine q(-2).
-10
Let l(u) = u**3 + 32*u**2 - 146*u - 3740. Calculate l(-33).
-11
Let b(o) = -55*o + 1657. Give b(30).
7
Let i(n) = n**2 - 39*n + 170. What is i(6)?
-28
Let u(q) = -2*q**3 - 95*q**2 + 49*q + 120. Give u(-48).
72
Let d(m) = 28*m + 269. Calculate d(-9).
17
Let h(j) = j**3 + j**2 - 11*j - 37. What is h(4)?
-1
Let z(q) = 32*q**2 + 271*q + 114. Give z(-8).
-6
Let n(r) = -120*r + 8. Determine n(1).
-112
Let f(j) = -2*j**3 + 116*j**2 + 13. What is f(58)?
13
Let r(h) = 7*h + 107. Give r(-24).
-61
Let r(t) = -269*t + 3238. Give r(12).
10
Let k(n) = -6*n**3 + 33*n**2 - 15*n + 5. Determine k(5).
5
Let w(h) = -h**3 + 39*h**2 - 77*h + 70. Give w(37).
-41
Let u(p) = 4*p**3 + 8*p**2 - 21*p + 8. Determine u(2).
30
Let t(i) = 59*i**3 - 24*i**2 + 30*i + 30. What is t(-1)?
-83
Let h(s) = 114*s + 8438. Determine h(-74).
2
Let h(n) = -19*n + 122. What is h(-11)?
331
Let n(k) = -k**3 + 246*k**2 - 543*k + 13419. Determine n(244).
-1
Let i(m) = -m**3 + 31*m**2 - 155*m + 645. Give i(26).
-5
Let y(n) = -55*n + 162. What is y(2)?
52
Let n(t) = -2*t**2 + 295*t + 1357. What is n(152)?
-11
Let g(a) = a**2 - 133*a - 2722. Calculate g(-18).
-4
Let x(b) = b**3 + 3*b**2 - 8*b + 6. Determine x(-5).
-4
Let w(i) = i**3 + 18*i**2 - 22*i - 61. Calculate w(-19).
-4
Let c(h) = -456*h + 82085. What is c(180)?
5
Let x(o) = -226*o + 2974. Give x(13).
36
Let w(c) = c**2 - 40*c + 311. Give w(6).
107
Let p(x) = -x**3 - 17*x**2 - 42*x + 228. Determine p(-8).
-12
Let b(o) = -o**2 + 127*o - 1287. Calculate b(11).
-11
Let j(o) = 2*o**3 + 80*o**2 + 80*o + 75. Give j(-39).
-3
Let o(l) = 214*l**3 - l**2 + 49*l - 49. Determine o(1).
213
Let h(j) = -1281*j - 8981. Give h(-7).
-14
Let a(l) = -6*l**2 - 143*l - 30. Calculate a(-18).
600
Let k(q) = -5*q**2 + 39*q - 66. Determine k(6).
-12
Let f(y) = 175*y - 962. Determine f(5).
-87
Let v(d) = -1234*d - 117236. What is v(-95)?
-6
Let z(i) = -12*i**3 - 4*i**2 - i. Calculate z(-3).
291
Let w(b) = b**3 + b**2 + 24*b + 48. Determine w(-2).
-4
Let j(u) = 35*u + 216. Determine j(-13).
-239
Let n(p) = p**3 + 47*p**2 + 4*p + 162. Give n(-47).
-26
Let u(g) = -9*g**3 + 3*g**2 - 4. What is u(2)?
-64
Let b(j) = -2*j**3 - 77*j**2 + 35*j - 51. What is b(-39)?
105
Let z(w) = -109*w - 10567. What is z(-97)?
6
Let s(i) = -6*i**3 + i**2 - 100*i + 99. Calculate s(1).
-6
Let j(b) = -b**2 - 37*b - 17. Calculate j(-27).
253
Let k(t) = t**3 - 17*t**2 + 64*t + 17. Calculate k(11).
-5
Let z(t) = 6*t**3 - 434*t**2 + 566*t + 154. Give z(71).
12
Let h(j) = j**3 + 4*j**2 + 151*j + 976. Determine h(-6).
-2
Let t(p) = 3*p**2 + 196*p + 177. Determine t(-64).
-79
Let b(l) = -l**2 - 41*l + 366. Calculate b(8).
-26
Let w(d) = 4*d**2 - 14*d + 5. Calculate w(4).
13
Let a(z) = 9*z**2 + 86*z + 188. What is a(-8)?
76
Let r(w) = w**3 + 23*w**2 - 47*w + 74. Calculate r(-25).
-1
Let w(r) = -15*r**2 + 54*r + 21. Give w(4).
-3
Let c(z) = -z**3 - 9*z**2 - 41*z - 919. What is c(-12)?
5
Let c(x) = -9*x**2 + 209*x - 29. Determine c(24).
-197
Let c(k) = 701*k + 25247. Give c(-36).
11
Let q(l) = -5*l**2 + 12*l + 26. What is q(7)?
-135
Let p(y) = -28*y + 1468. What is p(52)?
12
Let b(i) = -i**3 - 105*i**2 - 45*i - 4817. Determine b(-105).
-92
Let l(z) = 467*z - 14482. What is l(31)?
-5
Let l(w) = -w**3 - 14*w**2 + 54*w + 55. Determine l(-17).
4
Let c(p) = -4*p**2 + 242*p - 2257. What is c(49)?
-3
Let a(y) = 4*y**3 + 78*y**2 - 39*y - 1461. Give a(-19).
2
Let w(p) = -154*p + 14173. Calculate w(92).
5
Let g(k) = k**3 + 28*k**2 + 88*k - 6. De